te -6 - (-1 + 1 + -5 + 3).
-4
Calculate -1 - (0 + (-2 - -1)).
0
5 + -8 - (3 - 2) - -4
0
Evaluate 2 + (2 - 5) - (7 - 7).
-1
Evaluate 1 + 4 + (-3 - 0) + -2.
0
Evaluate -2 - (-5 - (-8 + (-2 - -4))).
-3
What is 10 + -4 + -5 + (-1 - 2)?
-2
What is the value of -3 - (3 - (0 - -3)) - 1?
-4
Calculate -6 - (0 - (5 - 1)).
-2
What is (2 - 1) + (15 - 6 - 6)?
4
Calculate 10 + -5 + -5 + 2 + -5.
-3
Calculate (-10 + 6 - (0 - -1)) + 4.
-1
(-7 - (-7 + -4)) + -1 + -6
-3
What is -2 - (2 - -2) - -10?
4
What is -2 + -2 + 8 + 14 + -14?
4
-3 - (4 + -4) - 2
-5
What is 21 + -14 - (1 + 1)?
5
Calculate 4 + (-2 + 2 - (2 - -1)).
1
Calculate (4 - 8) + 7 + (-2 - 1).
0
(-2 - -4 - 2) + (19 - 15)
4
What is the value of 2 - (-7 - -1 - -5)?
3
Evaluate 8 - (20 + -8 + 1).
-5
What is 3 - (5 + -12) - 6?
4
What is (0 - 8) + 16 + -13?
-5
(-6 - -14) + -5 - (1 + 1)
1
Calculate -4 + 3 - (-1 - -2 - 2).
0
Calculate -3 - (-9 - -6 - -2).
-2
What is (0 - -6) + 202 + -198?
10
Calculate -7 - (1 + -7) - 2.
-3
(0 - 1) + (-1 - -1)
-1
What is 4 + 5 + (-4 - 0) + -1?
4
Evaluate -1 + (3 - 7) - -10.
5
What is -14 + (-14 - -10) + 9?
-9
7 + (-3 - -4) + -5
3
What is -1 + (7 + 3 - 5)?
4
0 - (-4 + (6 - 2))
0
What is the value of 5 + 0 + -1 + (-28 - -20)?
-4
What is -14 - (-17 - -3 - -5)?
-5
Calculate (-3 - -18) + -12 + 4.
7
Evaluate (0 - -2) + (-9 - -6 - -5).
4
What is the value of (0 - 0) + 2 + 3?
5
What is -3 - (2 - 3) - (-7 - 0)?
5
-11 - 1 - -5 - -1 - -5
-1
-1 - (-1 - -9 - 10)
1
Calculate -7 + 3 + (4 - -6).
6
What is (1 - (1 + 2)) + -11 + 9?
-4
1 + (1 - 0) - 3
-1
What is the value of 4 - (10 + -1 + -3 + 2)?
-4
Evaluate 4 + -2 - (4 + 1).
-3
What is (-2 - (-6 + 0 - -3)) + 1?
2
What is 1 + 0 + (-3 - -2) + -5?
-5
3 + (0 - 1 - (-7 + 5))
4
Calculate 1 + (2 + -3 + -3 - -7).
4
(0 - (3 + -4) - 4) + 0
-3
Calculate -2 - (-4 - -1) - -3.
4
What is the value of 3 + -4 + 3 + -3?
-1
What is the value of (-1 - -1) + -1 - (4 + -2)?
-3
Evaluate 0 + (4 - ((3 - 4) + 0)).
5
What is the value of (1 + -2 - -2) + 0?
1
Calculate 0 + 0 - (0 + 6 - 9).
3
Evaluate -1 + 6 + -5 + 0 + -5.
-5
Evaluate 6 + -2 - (-3 - (-3 + 1)).
5
What is -5 - 10 - -9 - (-7 + 0)?
1
What is 0 + (-3 - 1) - 0 - -5?
1
Evaluate -7 - -3 - (1 + 0) - -4.
-1
(-11 - -7) + 1 + 3
0
Evaluate -1 - ((-1 - -4) + -2).
-2
What is the value of 2 + (3 - 9) - (-6 + -2)?
4
Evaluate -3 + 5 - (-25 - -26).
1
What is (7 - 7) + 4 - 7?
-3
What is 1 + (-5 - 2) + 3?
-3
Evaluate (27 - 29) + -1 + 8.
5
Evaluate 9 - 8 - (2 + (1 - 0)).
-2
What is the value of -5 - (8 + -8 - 4) - -7?
6
What is the value of 5 + (-1 - 1 - 0)?
3
What is the value of -6 + -2 + (-33 - -41)?
0
6 + 4 + -2 - 5 - 7
-4
2 - ((7 - (2 - 1)) + -1)
-3
What is 3 + -14 + -45 + 52?
-4
What is -11 + 4 + 6 + -4?
-5
Evaluate (-7 - -1) + (-1 - (4 - 6)).
-5
Calculate -7 + (-5 - -11) - (0 - 2).
1
What is 40 + -46 + (-2 - -11)?
3
What is 24 + -19 + (0 - 1)?
4
Calculate 5 + 0 - (2 + -9 + 7).
5
What is the value of 14 - (-6 - (-6 + -13))?
1
-11 - (1 + -20) - (-1 - -8)
1
What is the value of 9 + 0 + (2 - 10 - -4)?
5
2 + -5 + (2 - 4)
-5
Calculate 6 - 10 - -2 - (4 - -4).
-10
Calculate -2 + (1 - ((-1 - -2) + -3)).
1
What is the value of -12 - ((-7 - -2) + -5)?
-2
Evaluate 1 + 1 - (26 - 21).
-3
What is the value of (-8 - (-11 - -8)) + 7?
2
Evaluate -3 + 1 + -6 + 18.
10
What is the value of -4 + 12 + -2 + -2 + -1?
3
What is (-6 - (-3 + -8)) + 1?
6
Evaluate 6 - (-3 + (7 + -4 - 0)).
6
What is 3 + (2 + (7 - 4) - 10)?
-2
-1 + 6 - (-10 - -20)
-5
Calculate 4 + -5 + 2 - 2.
-1
What is -4 - ((-5 - 1) + -2)?
4
Calculate (98 - 86) + (1 - 15).
-2
What is -4 + 7 + (-1 - 7)?
-5
What is the value of 0 + -8 + 8 + 0 + 0?
0
What is -1 + 2 + 2 + -6?
-3
What is 0 - 4 - (-8 - -14 - 5)?
-5
Evaluate 7 - 7 - 6 - -4.
-2
What is the value of -1 + 3 + -4 + -2 + 0?
-4
Calculate -3 + (7 - -6) - (6 - 1).
5
What is the value of 0 - 1 - (-4 - 3 - -5)?
1
Calculate 30 - 27 - (2 - 4).
5
What is (-4 - -2) + (16 - 16)?
-2
What is -2 + 10 + -19 + 3?
-8
What is (7 - 12) + -2 + 4?
-3
Calculate -3 - (-6 - (0 + 2 + -2)).
3
What is (-7 - -2) + (1 - (-3 + 2))?
-3
What is -43 + 30 + (11 - 2)?
-4
Calculate 3 + -2 + 0 + -5.
-4
What is the value of -5 + (5 - (-1 + (3 - -4)))?
-6
What is 0 - ((-2 - 2) + (0 - 0))?
4
Evaluate -2 + 12 + 0 + -13.
-3
What is the value of -3 + -3 + (3 - (1 - 1))?
-3
6 + -9 + (-4 - -5) + 11
9
Calculate -2 - ((-5 - 0) + 12) - -4.
-5
Calculate -1 - (4 - ((-3 - -4) + -2)).
-6
What is 6 + (-5 - -9) + -8?
2
What is (14 - 28 - -6) + 8?
0
What is (1 + -5 - 9 - -3) + 2?
-8
What is the value of -1 - (-2 + -4 + 5 + 3)?
-3
Calculate -2 + (1 + (-5 - -5) - 5).
-6
4 + (1 - (-5 - -6)) + 4
8
What is (1 - (-4 - -1) - 3) + 5?
6
Calculate -7 - -6 - (-1 + 2) - -6.
4
What is 2 - ((5 + -2 - 3) + 2)?
0
What is the value of -3 + 6 - (3 - (3 - 1))?
2
-2 + 5 - (-16 + 22)
-3
What is the value of -4 + (2 - -5) + -1?
2
What is the value of (-3 - -9 - -8) + -7?
7
What is 4 - (4 - 0) - (0 + -4)?
4
What is the value of 1 + 12 + -6 + (0 - 3)?
4
What is 27 - 26 - (-1 - -1 - 1)?
2
Calculate -2 - 1 - (25 - (23 - 3)).
-8
What is the value of -8 + 0 + 17 + (-22 - -10)?
-3
Evaluate -2 + -1 - (29 + -40).
8
What is -3 + 3 + 1 - 0 - 9?
-8
3 - (6 - (12 + -7))
2
(7 - (26 + -7)) + -2 + 5
-9
What is the value of 1 - (-2 + -1 - (-1 + -1))?
2
Evaluate -1 + 11 + (4 - 9) + -10.
-5
Calculate -1 + 1 + 2 + -1 + -1.
0
Evaluate 10 - (6 + -9 + 8).
5
Calculate -8 + 4 - -9 - 1 - 1.
3
Evaluate 5 + (17 - 14 - (5 - -1)).
2
Evaluate 1 + (2 - (5 + -3)).
1
What is the value of -1 - (-5 - -11 - 4)?
-3
-7 - (-4 + -1 + 1)
-3
Calculate -3 + -2 + (0 - -1) + 5.
1
Calculate -1 + 1 + (5 + -8 - -6).
3
Calculate -3 + (-6 - -1) + 9.
1
-3 - (-2 - -1 - (-24 + 20))
-6
Calculate (-2 - (1 + -2)) + -1.
-2
Evaluate (1 - (-5 + 10)) + 0.
-4
What is (-1 - 5) + 6 - (-11 + 14)?
-3
Calculate 3 + -9 - (1 + -5).
-2
Calculate 0 - 4 - (-3 + 0 - -2).
-3
Calculate -5 + 2 + 4 + -4.
-3
-3 + -6 + (2 - -3)
-4
Calculate (7 - (-5 - -10)) + (0 - 1).
1
What is -3 + (11 - 0) - 1?
7
0 - (-3 + 4 + -3)
2
What is (-8 - -15) + (-17 - (-1 + -4))?
-5
What is the value of 2 + 2 + -3 - (-6 + 13)?
-6
Evaluate 4 - (-2 + (-3 - -4)).
5
-5 + -1 + -2 - -7
-1
Calculate -3 + (-6 - (8 - 11)) + 13.
7
-2 - (-1 + (0 - (0 - -2)))
1
Calculate 2 + 0 + 3 - 5.
0
Evaluate 10 + -9 - (0 + 2).
-1
Evaluate 4 + -3 + -1 + 1.
1
Evaluate 14 + -33 + 11 - -8.
0
What is -11 + 10 + 5 - 10?
-6
What is 13 + -10 + 3 + -4?
2
Calculate 5 - (-1 - (2 - 8)).
0
Evaluate -6 + 26 + (-7 - -1) + -8.
6
What is 6 - 9 - -3 - (-5 - -10)?
-5
(13 - 6) + (-2 - 9) + 11
7
Evaluate -1 - (-1 + 0 + -1 - 2).
3
What is -3 - (1 + 0 + -6 + 0)?
2
6 - (-3 + (7 - -7))
-5
What is (0 - -2) + (9 - (20 + -3))?
-6
Evaluate -3 - (-13 + -3 + 12).
1
What is (17 - 17 - (1 + -1)) + 2?
2
Calculate -6 + -3 + 4 + 3.
-2
What is the value of -2 + (-1 - -12) + -4?
5
Calculate -6 + (0 - ((4 - -3) + -15)).
2
Evaluate (1 - (14 + -9)) + -1.
-5
What is the value of 0 - -5 - 5 - -1 - -6?
7
Calculate (-5 - (-6 - -1)) + 3.
3
What is 1 + (-1 + -2 - (0 - 4))?
2
What is the value of -2 + (7 - (7 + -5) - 9)?
-6
Calculate 1 - (4 + 3 - 3).
-3
-4 + 5 + -3 - (-10 + 7)
1
Evaluate (2 - -7) + -6 - 1.
2
-5 + 23 + -9 - (0 - 2)
11
What is 11 + 1 + -1 + -10?
1
4 - (-1 + 7 + 3 + -12)
7
What is the value of (9 - 0 - 4 - -1) + -6?
0
What is the value of 3 + -6 + 2 - -1 - 3?
-3
Calculate 0 + -18 + 1 + 1 + 6.
-10
What is the value of 4 + (3 - 2) + -1?
4
-5 + -1 + (-14 - -10) + 5
-5
Calculate -240 + 246 + (1 - 12 - 1).
-6
What is the value of -1 + -2 - (32 - 30)?
-5
What is the value of 27 - 32 - (0 - 4) - 2?
-3
Evaluate -1 + 0 - ((-8 - -3) + 3).
1
Calculate (7 - 20) + 24 + -13.
-2
Calculate (-1 - -3) + 1 + (-3 - -2).
2
-1 + (6 - 10) + 4
-1
-4 - (5 + -6 - -1)
-4
Evaluate -1 + (4 + 0 - 2).
1
Evaluate 3 - (7 + (-1 - 2)).
-1
What is the value of -1 - (-1 + (6 - -1 - 4))?
-3
What is 0 + 11 + -5 + -4?
2
What is the value of (-8 - -6 - -7) + -2?
3
Calculate -17 + 14 + 1 + -1 - -6.
3
Evaluate -8 - (-13 - -4) - (2 + -3).
2
Evaluate (-28 - -5) + (37 - 23).
-9
2 - (5 + 2) - (-2 - 1)
-2
What is the value of -31 + 28 - (-1 + -8)?
6
What is 8 + (-9 - -8) + -13?
-6
What is -7 + 9 - (5 - 1)?
-2
Calculate -5 + 3 + 3 + -3.
-2
What is 2 + (-4 - -6 - 6) + -2?
-4
What is the value of -19 + 11 - (-5 + 1)?
-4
Evaluate (113 - 112) + -9 + 0.
-8
Calculate 16 - (5 + 4) - (3 - -1).
3
0 + 0 + -1 - 4
